be a(0). Let x(q) = -8*q**2 + 3*q + q**3 + 8 + q**2 + 0 + 3*q. What are the prime factors of x(t)?
2
Let k(x) = 4 - 1 - 2*x**2 + x**3 + 1 - 2*x - 1. What are the prime factors of k(3)?
2, 3
Let q be 157/5 + 10/(-25). Let h = 56 - q. Let g = h + -18. What are the prime factors of g?
7
Let p(f) = 3*f - 1. Suppose -4*t = -b - b - 30, -4*t + 4*b = -40. What are the prime factors of p(t)?
2, 7
Suppose -2*v + 15 = 3*v. Suppose 5*f - 26 = -1. Let s = f - v. What are the prime factors of s?
2
Suppose -26 = 2*g - 76. What are the prime factors of 1/5 - (-445)/g?
2, 3
Suppose 0 = -5*w + 33 + 97. What are the prime factors of w?
2, 13
List the prime factors of 1 + (-6)/8 + 191/4.
2, 3
Suppose -u = -127 - 8. List the prime factors of u.
3, 5
Let f be ((-16)/(-3))/((-2)/(-6)). Suppose r = -3*r + f. Suppose 4*c = -m + r + 13, 3*m = -4*c + 11. List the prime factors of c.
5
Suppose 9 = -5*p - 1. Let j = p - -29. What are the prime factors of j?
3
Let y = 186 + -106. What are the prime factors of y?
2, 5
Let u(c) = 8*c**3 - 4*c**2 + 4*c - 3. Let l be u(2). Let r = -29 + l. List the prime factors of r.
2, 3
Let v be 71/(-2) + (-2)/4. List the prime factors of (4/(-8))/(2/v).
3
Let x(r) = r**3 - 8*r**2 - 2*r - 2. Let o be x(6). List the prime factors of (-2)/(-11) - o/11.
2
Suppose -2*h = -2*t + 76, h + 0*h + 4 = 0. List the prime factors of t.
2, 17
Suppose 4*v - 197 = -3*w, -5*w - 2*v = 2*v - 315. What are the prime factors of w?
59
Let c(y) = 8*y**3 - y**2 + 1. Let t be c(-1). Let h(n) = -n**2 - 11*n - 2. What are the prime factors of h(t)?
2, 11
Let t = -8 + 8. Suppose -b - 3 + 22 = t. What are the prime factors of b?
19
Let g = -32 - -185. List the prime factors of g.
3, 17
Suppose -19*c = -15*c + 84. Let a be 10/(4/(-6) - 0). Let f = a - c. What are the prime factors of f?
2, 3
Let u(k) = -9*k + 3. What are the prime factors of u(-3)?
2, 3, 5
Let z(l) = -l**3 - 6*l**2 + 11*l + 13. List the prime factors of z(-8).
53
Let p be (-1)/(-2) + 2204/8. Suppose 4*y = -104 + p. List the prime factors of y.
43
Let p(l) = l**2 + 2*l - 5. Let v be p(-4). Suppose -22 = -v*r + r. What are the prime factors of r?
11
Let r be -2 + 0 - 5*-1. Suppose 3*h = h - 4*y + 38, r*y = -2*h + 34. List the prime factors of h.
11
Let j(s) = -s**3 - s**2 + 4*s + 141. List the prime factors of j(0).
3, 47
Suppose 51 = 3*j - 3*w, -5*j + 2*j = 4*w - 58. Suppose i - j = -6. Let q = i + -5. What are the prime factors of q?
7
Let b(h) = 2*h - 8. Let m(k) = -2*k. Let y be 11/(-4) - 2/8. Let x be m(y). What are the prime factors of b(x)?
2
Suppose -4*t - 1 = -9. Suppose -2*p - t*p = -12. Suppose -4*c - 40 = -p*y, 10 = y + c - 4*c. What are the prime factors of y?
2
Let v be 2 + (1 + -2 - 10). Let o be ((-6)/(-9))/(1/v). Let b = 1 - o. List the prime factors of b.
7
Let z(s) = s**2 + 7*s - 3. Let u be z(-8). Let j = 6 - u. Suppose j - 57 = -4*g. List the prime factors of g.
2, 7
What are the prime factors of 6/9*1140/8?
5, 19
Let g(n) = -n**3 + 7*n**2 + 11*n + 4. Let y be g(8). Suppose 0 = -2*z + h + y, 84 = 2*z + 3*z + h. List the prime factors of z.
2
Suppose 3*g - g = 5*h + 30, 5*h = 3*g - 40. Let t be (8/(-5))/(2/g). What are the prime factors of t/10*(-5)/2?
2
Let y be ((-2)/(-4))/(2/(-12)). Let a(u) = -u**3 - u**2 + 3*u + 2. What are the prime factors of a(y)?
11
Let z(s) = -4*s - 2. Let h(f) = 3*f + 2. Let q(n) = 5*h(n) + 4*z(n). What are the prime factors of q(-5)?
7
Let y(d) = -d**3 + 7*d**2 - 3*d - 4. What are the prime factors of y(5)?
31
Suppose -3*p = -p + 8. Let n = p + 6. What are the prime factors of n/(-4)*2*-11?
11
Suppose -h + 2*h - 1 = 0. Suppose -y - h - 3 = 0, 0 = -l + 4*y + 19. Suppose -33 = -l*s - 0*s. What are the prime factors of s?
11
List the prime factors of (-201)/2*(60/18)/(-5).
67
Suppose -f = 3*c - 9, 5*c + 5*f + 9 - 34 = 0. Suppose g + c = 41. List the prime factors of g.
3, 13
Suppose 4*o - 16 = -4. Suppose i - o*i = -48. List the prime factors of i.
2, 3
Suppose -a + 3*l = -2*a - 4, 2*a - 5*l - 25 = 0. Suppose -2*w = 3*w - 120. Suppose a*y - y = w. List the prime factors of y.
2, 3
Suppose -2 = -f - 0*f - 3*w, -f = -3*w - 2. Let k be (2 + 16/(-6))*-3. Suppose f*c + k - 18 = 0. What are the prime factors of c?
2
Let u = 5 + 8. Let z(n) = -n**3 - 5*n**2 + 11*n + 8. Let v be z(-7). Let m = v - u. List the prime factors of m.
2
Let n be ((-6)/10)/((-2)/10). Suppose -n*i + 9 = -0*i. Suppose 0*k + 3*b = k - 19, 37 = i*k - 4*b. What are the prime factors of k?
7
Let z(o) = -21*o + 28. List the prime factors of z(-3).
7, 13
Let m be (-2 - 1*-2) + -4. Let v be (33/m)/(3/(-8)). Let t = v + -15. What are the prime factors of t?
7
Suppose 72 + 23 = 5*i. What are the prime factors of i?
19
Let p = -88 + 129. List the prime factors of p.
41
Let r(t) = -5*t + 1 + 2*t - t**3 + 5*t**2 + 3*t - 2*t. What are the prime factors of r(4)?
3
Let g = -79 - -177. What are the prime factors of g?
2, 7
Suppose 5*r - 15 = 0, 0 = -5*v + 4*r - 1 + 4. Suppose -4*u - 5*x = -v, -3*u - x + 2*x = 12. Let h(z) = -z + 1. List the prime factors of h(u).
2
Let s = 49 - 9. Suppose -5*j + s = -0. What are the prime factors of j?
2
Let i(n) = -n**2 - n + 12. Let b be i(0). Suppose -b*z = -10*z - 54. What are the prime factors of z?
3
Let f(q) = -q**3 - 4*q**2 - 5*q - 2. Let j be f(-3). Let z = j - -6. List the prime factors of z.
2, 5
What are the prime factors of (-3 - (-477)/(-6))*(0 + -2)?
3, 5, 11
Suppose -2*b - 2*b = 0. Suppose 0 = -b*l + l - 7. Suppose -3*i = 1 - l. What are the prime factors of i?
2
Suppose -58*u + 120 = -54*u. List the prime factors of u.
2, 3, 5
Suppose -4*a - 3*a = -133. What are the prime factors of a?
19
Suppose 10*o - 1372 = 378. What are the prime factors of o?
5, 7
Suppose -3*l + 41 + 9 = 5*k, 4*l = 5*k + 20. What are the prime factors of l?
2, 5
Let f(b) be the third derivative of b**4/8 - 2*b**3/3 - b**2. Let o be f(3). Suppose 5*c - 35 = -o. List the prime factors of c.
2, 3
Let o(u) = -3*u**3 - 15*u**2 - 7*u + 12. What are the prime factors of o(-6)?
2, 3
Suppose -16*t = -t - 1215. What are the prime factors of t?
3
Let f = 0 + 4. List the prime factors of f.
2
What are the prime factors of 24/16 + (-1)/(-2)?
2
Suppose 4*z + 2*k - 729 = -237, -2*k = -3*z + 383. What are the prime factors of z?
5
Suppose -6*f + 24 = -5*f. What are the prime factors of f?
2, 3
Suppose o = -j - 4*j + 255, 0 = -j - 2*o + 51. List the prime factors of j.
3, 17
Let b(y) be the third derivative of y**6/120 - y**5/30 + y**4/12 - 2*y**3/3 - y**2. Let a be b(4). Suppose -t = 3*t - a. List the prime factors of t.
3
Suppose 105 = 2*m + 23. List the prime factors of -2 + (-3 - -1) + m.
37
Suppose -6*p = -107 - 139. List the prime factors of p.
41
Let z be (2/(-4))/((-4)/48). Suppose 3*u = z*u - 39. List the prime factors of u.
13
Suppose 0 = -3*t + t + 4*y + 154, -5*t - y = -418. List the prime factors of t.
83
Let r be (-2)/((1/(-2))/1). Let u be ((-1)/3)/(2/(-24)). Suppose r - 40 = -u*o. What are the prime factors of o?
3
Suppose -w + 2 = -0*w. Let u(q) = 0 + 5*q - q**3 + 2*q + 5*q**w - 3. List the prime factors of u(6).
3
What are the prime factors of -4*76/(-8) + 1?
3, 13
Let o(w) = -2*w + 5 + 3 + 4. Let t be o(8). List the prime factors of 5/t*(-4 + 0).
5
Let y be (-107)/(1/(-1)) + -2. Suppose -4*i = -7*i + y. Suppose 2*k + i = 3*r, 5*r - 3*k + 6*k = 33. What are the prime factors of r?
3
Let f(u) = -3 + 0*u - 4*u + u**2 + 2. Let c be f(3). What are the prime factors of (-69)/(-12) - 1/c?
2, 3
Suppose 16 + 4 = 4*o. Let v(i) = i + 0*i**3 - 5*i**2 + 3 - o*i - i**3. List the prime factors of v(-4).
3
Let w = 23 - -3. List the prime factors of w.
2, 13
Let x(o) = 7*o**2 - 5*o - 3. What are the prime factors of x(4)?
89
Let z be (1 + -7)*2/(-3). Suppose -z*o + 5*o = -3*t - 5, t + 25 = 3*o. Suppose -o = -2*n + n. What are the prime factors of n?
7
Let a(x) = -5*x**3 + x + 1. Let t be a(-1). Let l(s) = -4*s**3 + s**2 + 3*s**3 + t + 3*s**2. What are the prime factors of l(4)?
5
Let s be 6 - 2/(-3)*-3. Suppose 28 = s*q - 76. What are the prime factors of q?
2, 13
Let h = -21 + 37. Suppose 0 = 3*l + v - h, 3*v = 1 + 11. Suppose i - 14 = l*i - 4*n, 4*i = -4*n + 28. List the prime factors of i.
2
Suppose -3*g = 2*x + 2*x, 2*x = g. Suppose x = -w - w + 38. What are the prime factors of w?
19
Let l b